{"id":124,"date":"2020-07-02T22:20:42","date_gmt":"2020-07-02T20:20:42","guid":{"rendered":"http:\/\/sds.grajewo.pl\/?page_id=124"},"modified":"2022-03-16T15:00:13","modified_gmt":"2022-03-16T14:00:13","slug":"dokumenty","status":"publish","type":"page","link":"http:\/\/sds.grajewo.pl\/?page_id=124","title":{"rendered":"Dokumenty"},"content":{"rendered":"<p>Regulamin organizacyjny \u015arodowiskowego Domu Samopomocy w Grajewie &#8222;Pomocna D\u0142o\u0144&#8221;<\/p>\n<p><a href=\"http:\/\/wordpress2037306.home.pl\/autoinstalator\/wordpressplus\/wp-content\/uploads\/2020\/08\/Regulamin.pdf\" target=\"_blank\" rel=\"noopener noreferrer\"><img loading=\"lazy\" decoding=\"async\" class=\"alignleft wp-image-278\" title=\"Regulamin organizacyjny\" src=\"http:\/\/wordpress2037306.home.pl\/autoinstalator\/wordpressplus\/wp-content\/uploads\/2020\/08\/ikona-pdf.jpg\" alt=\"Regulamin organizacyjny\" width=\"105\" height=\"125\" \/><\/a><\/p>\n<p>&nbsp;<\/p>\n<p>&nbsp;<\/p>\n<p>&nbsp;<\/p>\n<p>Deklaracja dost\u0119pno\u015bci \u015arodowiskowego Domu Samopomocy w Grajewie &#8222;Pomocna D\u0142o\u0144&#8221;<\/p>\n<p><a href=\"http:\/\/wordpress2037306.home.pl\/autoinstalator\/wordpressplus\/wp-content\/uploads\/2022\/03\/deklaracja_dostepnosci2022.pdf\" target=\"_blank\" rel=\"noopener noreferrer\"><img loading=\"lazy\" decoding=\"async\" class=\"alignleft wp-image-278\" title=\"Regulamin organizacyjny\" src=\"http:\/\/wordpress2037306.home.pl\/autoinstalator\/wordpressplus\/wp-content\/uploads\/2020\/08\/ikona-pdf.jpg\" alt=\"Regulamin organizacyjny\" width=\"105\" height=\"125\" \/><\/a><\/p>\n","protected":false},"excerpt":{"rendered":"<p>Regulamin organizacyjny \u015arodowiskowego Domu Samopomocy w Grajewie &#8222;Pomocna D\u0142o\u0144&#8221; &nbsp; &nbsp; &nbsp; Deklaracja dost\u0119pno\u015bci \u015arodowiskowego Domu Samopomocy w Grajewie &#8222;Pomocna&hellip;<\/p>\n","protected":false},"author":1,"featured_media":0,"parent":0,"menu_order":4,"comment_status":"closed","ping_status":"closed","template":"","meta":{"footnotes":""},"class_list":["post-124","page","type-page","status-publish","hentry"],"_links":{"self":[{"href":"http:\/\/sds.grajewo.pl\/index.php?rest_route=\/wp\/v2\/pages\/124","targetHints":{"allow":["GET"]}}],"collection":[{"href":"http:\/\/sds.grajewo.pl\/index.php?rest_route=\/wp\/v2\/pages"}],"about":[{"href":"http:\/\/sds.grajewo.pl\/index.php?rest_route=\/wp\/v2\/types\/page"}],"author":[{"embeddable":true,"href":"http:\/\/sds.grajewo.pl\/index.php?rest_route=\/wp\/v2\/users\/1"}],"replies":[{"embeddable":true,"href":"http:\/\/sds.grajewo.pl\/index.php?rest_route=%2Fwp%2Fv2%2Fcomments&post=124"}],"version-history":[{"count":12,"href":"http:\/\/sds.grajewo.pl\/index.php?rest_route=\/wp\/v2\/pages\/124\/revisions"}],"predecessor-version":[{"id":903,"href":"http:\/\/sds.grajewo.pl\/index.php?rest_route=\/wp\/v2\/pages\/124\/revisions\/903"}],"wp:attachment":[{"href":"http:\/\/sds.grajewo.pl\/index.php?rest_route=%2Fwp%2Fv2%2Fmedia&parent=124"}],"curies":[{"name":"wp","href":"https:\/\/api.w.org\/{rel}","templated":true}]}}